s 32 a factor of 472?
False
Is 162 a factor of 4379?
False
Is 55804 a multiple of 7?
True
Does 59 divide 3540?
True
Is 1450 a multiple of 58?
True
Does 18 divide 3347?
False
Is 19 a factor of 570?
True
Does 70 divide 1812?
False
Does 101 divide 21210?
True
Is 7 a factor of 224?
True
Is 26 a factor of 25156?
False
Is 6 a factor of 48?
True
Does 3 divide 11?
False
Is 2589 a multiple of 10?
False
Is 36 a factor of 6552?
True
Is 31 a factor of 205?
False
Is 5 a factor of 294?
False
Is 310 a multiple of 4?
False
Does 122 divide 19032?
True
Is 9 a factor of 8269?
False
Is 1242 a multiple of 54?
True
Is 17 a factor of 3928?
False
Is 1058 a multiple of 25?
False
Is 132 a factor of 3960?
True
Is 13 a factor of 5399?
False
Is 889 a multiple of 21?
False
Is 12 a factor of 420?
True
Is 423 a multiple of 8?
False
Is 554 a multiple of 54?
False
Is 25 a factor of 76?
False
Is 83809 a multiple of 401?
True
Is 73 a factor of 25404?
True
Is 215 a multiple of 5?
True
Is 21634 a multiple of 241?
False
Is 88 a factor of 23848?
True
Does 35 divide 1722?
False
Is 3435 a multiple of 10?
False
Does 92 divide 100293?
False
Is 84 a factor of 3108?
True
Is 83 a factor of 8383?
True
Does 59 divide 1122?
False
Does 11 divide 2260?
False
Is 546 a multiple of 6?
True
Is 11 a factor of 3542?
True
Does 25 divide 715?
False
Does 6 divide 366?
True
Is 78150 a multiple of 15?
True
Does 99 divide 14058?
True
Is 71 a factor of 7384?
True
Is 15 a factor of 523?
False
Is 1596 a multiple of 6?
True
Is 3 a factor of 2063?
False
Does 298 divide 73606?
True
Is 720 a multiple of 48?
True
Is 970 a multiple of 97?
True
Is 3 even?
False
Does 11 divide 638?
True
Does 48 divide 338?
False
Is 34 a factor of 612?
True
Is 4 a factor of 17600?
True
Is 31852 a multiple of 47?
False
Is 3608 a multiple of 122?
False
Does 76 divide 2262?
False
Is 270 a multiple of 9?
True
Is 456 a multiple of 5?
False
Is 2009 a multiple of 49?
True
Is 27 a factor of 4968?
True
Is 103883 a multiple of 13?
True
Is 7171 a multiple of 71?
True
Is 9 a factor of 2923?
False
Is 536 a multiple of 4?
True
Does 64 divide 24960?
True
Is 6 a factor of 1012?
False
Is 13683 a multiple of 81?
False
Is 450 a multiple of 19?
False
Is 27501 a multiple of 89?
True
Does 12 divide 5664?
True
Does 63 divide 62287?
False
Is 97680 a multiple of 440?
True
Does 110 divide 2374?
False
Is 114 a factor of 39580?
False
Is 89 a multiple of 2?
False
Is 538 a multiple of 29?
False
Is 23 a factor of 124729?
True
Is 3633 a multiple of 7?
True
Does 3 divide 650?
False
Is 122 a multiple of 122?
True
Is 3750 a multiple of 30?
True
Is 8 a factor of 26248?
True
Is 85 a factor of 8755?
True
Is 406 a multiple of 2?
True
Does 82 divide 2459?
False
Does 15 divide 360?
True
Is 3 a factor of 10?
False
Does 5 divide 16120?
True
Is 10 a factor of 1880?
True
Is 115 a multiple of 2?
False
Does 17 divide 969?
True
Is 1183 even?
False
Does 34 divide 1156?
True
Does 130 divide 2210?
True
Is 13 a factor of 1300?
True
Is 2032 a multiple of 127?
True
Is 31 a factor of 21002?
False
Does 70 divide 14840?
True
Does 20 divide 34029?
False
Does 9 divide 2293?
False
Is 10 a factor of 14288?
False
Does 12 divide 1673?
False
Does 26 divide 624?
True
Is 94 a factor of 22748?
True
Does 53 divide 26924?
True
Is 1614 a multiple of 73?
False
Does 17 divide 44642?
True
Does 52 divide 1040?
True
Does 7 divide 4257?
False
Is 12569 a multiple of 26?
False
Does 13 divide 299?
True
Is 26 a factor of 114?
False
Is 406 a multiple of 7?
True
Does 27 divide 303?
False
Is 3672 a multiple of 102?
True
Does 11 divide 516?
False
Does 103 divide 71276?
True
Does 10 divide 2860?
True
Does 58 divide 1044?
True
Is 178 a factor of 534?
True
Does 27 divide 36717?
False
Is 6010 a multiple of 62?
False
Is 202 a multiple of 46?
False
Does 5 divide 11950?
True
Does 14 divide 154?
True
Does 18 divide 215?
False
Is 3 a factor of 19275?
True
Is 28463 a multiple of 116?
False
Is 65 a factor of 1892?
False
Is 2277 a multiple of 33?
True
Does 49 divide 441?
True
Does 13 divide 2711?
False
Is 16 a factor of 142816?
True
Is 38 a factor of 181?
False
Is 35 a factor of 78985?
False
Is 32595 a multiple of 113?
False
Is 4110 a multiple of 10?
True
Is 41 a factor of 1550?
False
Does 23 divide 6509?
True
Is 1181 a multiple of 12?
False
Is 33295 a multiple of 34?
False
Is 8792 a multiple of 3?
False
Is 8 a factor of 119784?
True
Does 67 divide 536?
True
Does 20 divide 4406?
False
Is 4 a factor of 738?
False
Is 7 a factor of 9625?
True
Is 2 a factor of 151?
False
Is 14 a factor of 4954?
False
Is 576 a multiple of 36?
True
Is 100 a multiple of 25?
True
Is 20 even?
True
Does 2 divide 11497?
False
Is 1411 a multiple of 17?
True
Is 3 a factor of 108?
True
Is 83 a factor of 4262?
False
Is 126 a multiple of 5?
False
Is 45 a factor of 2761?
False
Is 8 a factor of 72?
True
Does 279 divide 43245?
True
Is 33 a factor of 15082?
False
Does 60 divide 900?
True
Does 11 divide 1891?
False
Does 2 divide 4966?
True
Does 27 divide 1529?
False
Is 81 a factor of 3564?
True
Is 194 a multiple of 7?
False
Does 15 divide 4284?
False
Is 13010 a multiple of 10?
True
Is 1183 a multiple of 5?
False
Is 2108 a multiple of 62?
True
Is 154 a factor of 2748?
False
Does 45 divide 94809?
False
Does 24 divide 8918?
False
Is 1164 a multiple of 12?
True
Does 306 divide 10671?
False
Is 41 a factor of 120?
False
Is 92 a factor of 594?
False
Does 7 divide 35?
True
Does 17 divide 6205?
True
Does 15 divide 824?
False
Is 22 a factor of 2667?
False
Is 30 a factor of 424?
False
Does 47 divide 5311?
True
Is 544 a multiple of 48?
False
Is 111 a factor of 44573?
False
Does 111 divide 3885?
True
Is 93 a factor of 2143?
False
Is 24 a factor of 1666?
False
Does 7 divide 2198?
True
Is 13 a factor of 44?
False
Is 8 a multiple of 4?
True
Is 49 a factor of 1094?
False
Is 22292 a multiple of 11?
False
Does 24 divide 375?
False
Is 1020 a multiple of 60?
True
Does 5 divide 176?
False
Is 10 a factor of 1240?
True
Does 85 divide 1943?
False
Is 13 a factor of 1378?
True
Does 18 divide 41328?
True
Is 36966 a multiple of 67?
False
Is 11908 a multiple of 15?
False
Is 56 a multiple of 4?
True
Is 48 a factor of 42678?
False
Is 57540 a multiple of 105?
True
Is 13 a factor of 2249?
True
Is 33 a factor of 1815?
True
Is 16 a factor of 10480?
True
Is 3609 a multiple of 9?
True
Is 10506 a multiple of 40?
False
Is 1880 a multiple of 94?
True
Is 216 a multiple of 5?
False
Is 1224 a multiple of 24?
True
Is 175 a multiple of 7?
True
Is 111358 a multiple of 38?
False
Is 178 a multiple of 2?
True
Is 5 a factor of 2210?
True
Does 155 divide 21235?
True
Is 803 a multiple of 69?
False
Is 1372 a multiple of 28?
True
Is 2021 a multiple of 14?
False
Does 15 divide 1873?
False
Does 16 divide 1117?
False
Does 25 divide 5225?
True
Is 82 a multiple of 2?
True
Is 7 a factor of 147?
True
Does 10 divide 360?
True
Is 17499 a multiple of 138?
False
Is 30418 a multiple of 67?
True
Does 23 divide 24?
False
Is 22230 a multiple of 95?
True
Is 18 a factor of 2839?
False
Is 24 a factor of 9320?
False
Is 14 a factor of 658?
True
Is 13 a factor of 264?
False
Is 7290 a multiple of 33?
False
Is 34 even?
True
Does 179 divide 13539?
False
Does 83 divide 8402?
False
Is 3222 a multiple of 18?
True
Does 24 divide 8016?
True
Is 53 a factor of 583?
True
Is 1098 a multiple of 18?
True
Is 10 a factor of 839?
False
Is 10 a factor of 206?
False
Is 249 a multiple of 9?
False
Is 9723 a multiple of 64?
False
Does 8 divide 28?
False
Is 80 a factor of 77360?
True
Does 18 divide 553?
False
Does 64 divide 3136?
True
Is 33 a factor of 1716?
True
Is 93 a multiple of 9?
False
Is 403 a multiple of 15?
False
Is 5670 a multiple of 105?
True
Does 22 divide 12962?
False
Is 15 a factor of 4905?
True
Is 13 a factor of 198?
False
Is 975 a multiple of 73?
False
Is 360 a multiple of 5?
True
Is 1000 a multiple of 16?
False
Is 170 a factor of 34012?
False
Is 309 a multiple of 51?
False
Does 71 divide 1420?
True
Is 17 a factor of 20672?
True
Is 20870 a multiple of 12?
False
Is 3341 a multiple of 3?
False
Does 137 divide 6713?
True
Is 3 a factor of 334?
False
Does 147 divide 173019?
True
Is 22 a factor of 418?
True
Does 26 divide 416?
True
Is 132 a multiple of 25?
False
Is 15612 a multiple of 125?
False
Is 38 a factor of 1617?
False
Is 17 a factor of 629?
